{"id":80,"date":"2015-10-13T00:42:11","date_gmt":"2015-10-13T03:42:11","guid":{"rendered":"http:\/\/penapreta.com.br\/?page_id=80"},"modified":"2022-01-06T14:17:12","modified_gmt":"2022-01-06T17:17:12","slug":"acoes-sociais","status":"publish","type":"page","link":"https:\/\/penapreta.com.br\/?page_id=80","title":{"rendered":"A\u00c7\u00d5ES SOCIAIS"},"content":{"rendered":"\n<h3 class=\"wp-block-heading\"><a href=\"http:\/\/penapreta.com.br\/?p=2045\">ABC<\/a><\/h3>\n\n\n\n<hr class=\"wp-block-separator\"\/>\n\n\n\n<h3 class=\"wp-block-heading\"><strong>Conhe\u00e7a um pouco de nossas&nbsp;<u>A\u00e7\u00f5es&nbsp;Sociais<\/u>, pois a Umbanda tem de ir al\u00e9m do terreiro:<\/strong><\/h3>\n\n\n\n<h3 class=\"wp-block-heading\"><code><ul class=\"lcp_catlist\" id=\"lcp_instance_0\"><li><a href=\"https:\/\/penapreta.com.br\/?p=3580\">Solicita\u00e7\u00e3o de Senhas<\/a><\/li><li><a href=\"https:\/\/penapreta.com.br\/?p=2045\">Projeto ABC<\/a><\/li><li><a href=\"https:\/\/penapreta.com.br\/?p=1431\">Venha participar conosco do nosso Arrai\u00e1, com Bingo e Brincadeiras&#8230;<\/a><\/li><li><a href=\"https:\/\/penapreta.com.br\/?p=153\">Festas das Crian\u00e7as \u2013 Clube de Campo Jundia\u00ed<\/a><\/li><li><a href=\"https:\/\/penapreta.com.br\/?p=149\">Evento \u201cM\u00e3os Unidas\u201d: Casa Tio Toninho<\/a><\/li><li><a href=\"https:\/\/penapreta.com.br\/?p=145\">Evento \u201cM\u00e3os Unidas\u201d: barraca de doces<\/a><\/li><\/ul><ul class='lcp_paginator'><li class='lcp_currentpage'>1<\/li><li><a href='https:\/\/penapreta.com.br\/index.php?rest_route=%2Fwp%2Fv2%2Fpages%2F80&#038;lcp_page0=2#lcp_instance_0' title='2'>2<\/a><\/li><li><a href='https:\/\/penapreta.com.br\/index.php?rest_route=%2Fwp%2Fv2%2Fpages%2F80&#038;lcp_page0=3#lcp_instance_0' title='3'>3<\/a><\/li><li><a href='https:\/\/penapreta.com.br\/index.php?rest_route=%2Fwp%2Fv2%2Fpages%2F80&#038;lcp_page0=2#lcp_instance_0' title='2' class='lcp_nextlink'>&gt;&gt;<\/a><\/li><\/ul><\/code><\/h3>\n\n\n\n<p><\/p>\n","protected":false},"excerpt":{"rendered":"<p>ABC Conhe\u00e7a um pouco de nossas&nbsp;A\u00e7\u00f5es&nbsp;Sociais, pois a Umbanda tem de ir al\u00e9m do terreiro:<\/p>\n","protected":false},"author":1,"featured_media":0,"parent":0,"menu_order":0,"comment_status":"closed","ping_status":"closed","template":"fullwidth.php","meta":{"jetpack_post_was_ever_published":false,"footnotes":""},"class_list":["post-80","page","type-page","status-publish","hentry"],"jetpack_sharing_enabled":true,"jetpack_shortlink":"https:\/\/wp.me\/P7k0kC-1i","_links":{"self":[{"href":"https:\/\/penapreta.com.br\/index.php?rest_route=\/wp\/v2\/pages\/80","targetHints":{"allow":["GET"]}}],"collection":[{"href":"https:\/\/penapreta.com.br\/index.php?rest_route=\/wp\/v2\/pages"}],"about":[{"href":"https:\/\/penapreta.com.br\/index.php?rest_route=\/wp\/v2\/types\/page"}],"author":[{"embeddable":true,"href":"https:\/\/penapreta.com.br\/index.php?rest_route=\/wp\/v2\/users\/1"}],"replies":[{"embeddable":true,"href":"https:\/\/penapreta.com.br\/index.php?rest_route=%2Fwp%2Fv2%2Fcomments&post=80"}],"version-history":[{"count":9,"href":"https:\/\/penapreta.com.br\/index.php?rest_route=\/wp\/v2\/pages\/80\/revisions"}],"predecessor-version":[{"id":3579,"href":"https:\/\/penapreta.com.br\/index.php?rest_route=\/wp\/v2\/pages\/80\/revisions\/3579"}],"wp:attachment":[{"href":"https:\/\/penapreta.com.br\/index.php?rest_route=%2Fwp%2Fv2%2Fmedia&parent=80"}],"curies":[{"name":"wp","href":"https:\/\/api.w.org\/{rel}","templated":true}]}}